 composite number?
True
Suppose b - 39*c + 35*c - 48453 = 0, 5*c + 242250 = 5*b. Is b composite?
False
Let j = 7 - 2. Suppose j*h - 3*g + 28 = -g, 2*h = -4*g + 8. Is (2 + -4 - h) + 209 prime?
True
Suppose -3*d = -12, 0 = -3*y - 3*d - 1024 + 3958. Suppose -4*k + 6*k - y = 0. Is k a prime number?
True
Let l be (10/(-4))/5*48/(-1). Suppose 4417 = -17*f + l*f. Is f a composite number?
False
Is (-735 + 0 + 2)/((-15)/165) a prime number?
False
Suppose -186*g - 244207 = -205*g. Is g a composite number?
False
Let g be 6 - 2/(-4)*2*-2. Let o(r) = 45*r**2 + 5*r + 9. Is o(g) composite?
True
Suppose 2*t - 139 - 235 = 0. Suppose -4*x + 327 = -3*f, 120 = -f + 3*x + 2*x. Let w = t + f. Is w a prime number?
False
Suppose 4*v = -2*r + v - 517, -5*r - 2*v = 1276. Let l = 33 - r. Is l prime?
False
Let u(q) = -q**3 - 2*q**2 + 2*q - 3. Let m be u(-3). Let p be -1*(-1 + (1 - m)). Suppose p*j = j - 121. Is j composite?
True
Let t = 2403 + -1317. Suppose -34 = y - 789. Let s = t - y. Is s a prime number?
True
Let m = 5367 + -2410. Is m composite?
False
Let r = 6 - 21. Let g be (-25)/r*(-3 - 0). Is 30/1 - (g + 2) prime?
False
Let a(c) = 695*c**3 - c**2 - 14*c + 29. Is a(2) prime?
True
Let p(b) = -2*b**3 - b**2 - 7*b - 3. Let f be p(4). Let c = f - -262. Is c a prime number?
False
Let n = 11 + -7. Let o be -1533 + -1 - n/2. Is 0 + 3 - o/2 a prime number?
False
Suppose 3*x - c = 63003, 105005 = 95*x - 90*x + 2*c. Is x a prime number?
True
Is (-13)/((-65)/(-10)) + 3985 a composite number?
True
Suppose 5*b - 510 = -15. Let n = b + -14. Is n a prime number?
False
Let i(y) = -5*y**2 + 1. Let n be i(-1). Is -4*(1 - (-69)/n) composite?
True
Suppose -30*w - 286725 = -45*w. Is w a composite number?
True
Suppose 59666 + 73850 = 4*c. Is c prime?
False
Suppose -4*b = -4439 - 16033. Suppose b = -31*g + 37*g. Is g a composite number?
False
Let i(r) = 7 + 10*r + 0*r**2 + r**2 - 20. Let p be (5/2)/(2 + 39/(-18)). Is i(p) composite?
True
Let l(p) = -2220*p - 767. Is l(-22) prime?
True
Let a = -21 + 49. Let f = a - 25. Is 1*f*316/12 a composite number?
False
Let c = 285 + -166. Is c composite?
True
Suppose -q = 4*q. Let i(c) be the second derivative of -c**4/12 - c**3/6 + 49*c**2/2 + 194*c. Is i(q) a prime number?
False
Let f(x) = -294*x + 127. Is f(-20) composite?
False
Let n = 635 + -405. Suppose 6*y = 3*y + j + 153, 3*j = -y + 51. Let x = n - y. Is x prime?
True
Let m be 2/(-5) + (-118944)/(-60). Let p = 3129 - m. Is p prime?
False
Suppose 4*t - 66 + 22 = 0. Suppose -12*w = -11*w + t. Let z(i) = i**3 + 16*i**2 + 8*i - 15. Is z(w) composite?
True
Let b = -947 + 612. Let k = -153 - b. Let a = 305 - k. Is a a prime number?
False
Let i(c) = 559*c**2 - 9*c - 41. Is i(-4) a prime number?
False
Let q(a) = -a + 2. Let h be q(2). Suppose h*g - 4215 = -5*g. Is g composite?
True
Suppose 58 = -2*s + 4*s. Let t = 52 + 11. Suppose 3*p - 2*d - d - t = 0, -p - d = -s. Is p a prime number?
False
Suppose 4*q = n + 22053, 4*q - 3*n - 2840 = 19215. Is q prime?
False
Let o be (1/(-2))/(5/(-50)). Let w(n) = -24*n - 8. Let u be w(o). Let l = 18 - u. Is l prime?
False
Let y be 38/8 + 11/44. Suppose -25 = u - 4*b - 84, -y*b = -10. Is u a prime number?
True
Let s(t) = -12*t**3 + 2*t**2 + 4*t. Let v(g) = g**2 - 1. Let k(y) = s(y) - 4*v(y). Let c be k(-2). Suppose -65 - c = -a. Is a a prime number?
True
Let f(s) be the third derivative of 2*s**5/15 + s**4/12 + 13*s**3/6 + 2*s**2. Let a = -46 - -53. Is f(a) prime?
True
Let a(i) = 19*i**3 - 1. Let h be a(1). Let f be 63/h*(-2 + 0). Is 2/(f/((-553)/2)) a composite number?
False
Is ((-4962)/4)/((-23)/46) a prime number?
False
Let v(k) be the third derivative of 41*k**6/60 + k**5/60 + k**4/24 + 5*k**3/6 - 2*k**2 + 27*k. Is v(3) a composite number?
True
Suppose -m - 4*d + 51 = 0, -4*d + 3 = 2*m - 103. Is m a composite number?
True
Let a be 7*(-2 + -113)*-2. Let j = a - 877. Is j a prime number?
True
Suppose 2*d = -1 + 9. Suppose -b = -d*s - 1663, -6*b + 4904 = -3*b + 5*s. Is b composite?
True
Let v(n) = -n**3 + 14*n**2 + 7*n + 9. Is v(8) composite?
False
Suppose -64*w = 3*w - 42478. Is w a prime number?
False
Let s(l) = l**3 - 1. Let w be s(1). Suppose -2*q + 2*k = 2*q - 436, -2*q - 4*k + 238 = w. Suppose 0 = -t + 3*j + 84 + 31, -t + j = -q. Is t a composite number?
False
Let h = 18441 - -51077. Let g be 8/(-14) - h/(-14). Suppose 5*m = 2*m + g. Is m composite?
True
Suppose 3*y + p = 10, 0 = -5*y - 4*p - p + 30. Suppose 721 = -y*c + 1851. Is c a prime number?
False
Let q(g) = 7*g**2 + 5*g - 193. Is q(-40) a composite number?
True
Suppose 0 = 52*p - 23*p - 193981. Is p a prime number?
True
Suppose -4*i + 2*i + 1936 = 4*j, 3*j + 5*i - 1438 = 0. Suppose k = -n + 133 + 30, 3*n + 4*k = j. Let y = 313 + n. Is y prime?
True
Suppose 4*r - 6608 = -4*h, 12*r = -h + 14*r + 1649. Is h composite?
True
Let t be 1/(1 - 0/(-1)). Let q(m) = 2*m - 3 - t - 18*m - m**2. Is q(-11) prime?
False
Let i = 8 + -19. Let d = -7 - i. Suppose 0 = -4*b + d*t + 927 + 1613, 5*t = -3*b + 1889. Is b prime?
False
Let x(u) = 10*u**2 + 10*u + 2. Let t be x(5). Let k = t - 108. Is k composite?
True
Let d be 92/28 + 4*(-1)/14. Let w(z) = 10*z**3 - 2*z**2 + 2*z + 1. Is w(d) a composite number?
True
Let f(k) = -18*k**3 - 7*k**2 + 9*k + 23. Is f(-5) composite?
False
Suppose 127 = v - 113. Let r be (-7)/((-14)/v) + -3. Let p = -58 + r. Is p prime?
True
Suppose 26*k = 28*k - 24902. Is k composite?
False
Let h(g) = g**3 - 27*g**2 + 114*g - 85. Is h(33) a composite number?
False
Let r = -974 + 568. Let a = 160 + r. Let j = -97 - a. Is j a composite number?
False
Let r(g) = g**2 - 2*g + 4. Let y be r(2). Suppose 623 = -0*z + z + y*p, z = -3*p + 624. Let h = 190 + z. Is h a composite number?
True
Let s(w) = 125*w - 7. Let u be s(5). Suppose -4*f + u = -f. Is f composite?
True
Suppose 52895 = 5*s + 4*g, -5*s + 4*g + 30553 + 22382 = 0. Is s composite?
True
Let d = 21 + -19. Suppose 0 = 2*b + d*f - 1404, -4*b - f + 3086 = 281. Is b prime?
True
Suppose -5*i + 13 + 23 = -2*a, -3*i - 3*a = -9. Let b(q) = 10*q**2 - 14*q + 19. Is b(i) a composite number?
True
Let m(k) = -8495*k + 6. Is m(-1) composite?
False
Let d(m) = -430*m**3 + m**2 - m - 1. Let z be d(-1). Suppose -2*i + z + 467 = 0. Is i composite?
False
Let j = -26676 - -38599. Is j a composite number?
False
Let h = 8944 - 6173. Is h a prime number?
False
Let g = 36 + -32. Suppose k = 4*m + 1673, -3*k = k + g*m - 6612. Is k a composite number?
False
Suppose 4*z = -2*f + 16, -4*z - z - 2 = -3*f. Suppose 4*a - 253 = -5*q, 2*a - 59 - 75 = -f*q. Suppose 2*j = -j + a. Is j a prime number?
True
Let x(s) = s**3 + 6*s**2 + 3. Let a be x(-6). Suppose 70 = w - u - 76, -a*u - 583 = -4*w. Let j = w - 86. Is j a prime number?
True
Suppose -5*c + 4 = -3*y - 25, 3*y + 22 = 4*c. Suppose c*u - 5*b - 5866 = 3*u, 2*u - 2948 = -5*b. Is u prime?
False
Suppose 492*a = 495*a - 5781. Is a prime?
False
Let p(f) = f**2 - f + 2. Let b be p(1). Suppose -b*j + 250 = 10. Let z = 217 + j. Is z prime?
True
Let f(x) = 3*x**3 - 15*x**2 + 7. Is f(14) a prime number?
False
Let c = -1585 - -2670. Suppose 14*m = 9*m + c. Is m a prime number?
False
Let a = -3 + 8. Suppose x - 1189 = -a*j - x, -720 = -3*j + x. Is j composite?
False
Suppose -3*t + 12 = 3*a, -14 = -4*a - 2*t + 2. Is (518/4)/(2/a) a prime number?
False
Suppose -6*r = -101981 + 311. Is r composite?
True
Let p = -18 - -17. Let d(l) = -22*l - 2 - l**2 - 85*l**3 + 19*l + 0*l**2. Is d(p) prime?
False
Suppose 180 + 75 = -3*h. Let p = h + 892. Is p composite?
True
Let i = 1140 + -343. Is i a composite number?
False
Suppose -25 = 58*d - 63*d. Suppose -5*i + 841 + 8624 = -d*o, 3*i - 5667 = -3*o. Is i a composite number?
True
Suppose -5*g - 5256 = -4*y, -6*g = -g - 20. Is y a prime number?
True
Suppose b + 3*b = 0. Let f(z) = -z**2 + 2*z + 6. Let j be f(b). Let d(u) = 9*u**2 - 7. Is d(j) a prime number?
True
Is (-5)/125*-15 + (-434944)/(-10) a composite number?
True
Suppose -2*p - 4*z + 28918 = 0, -28915 = 2*p - 4*p - 3*z. Is p composite?
True
Suppose 5*f - 4*d - 56663 = 0, -d = 2*f - f - 11338. Is f a composite number?
True
Suppose -4 = -g + 367. Let a = g - 202. Is a a prime number?
False
Suppose 9*g - 11*g = -134. Is g a composite number?
False
Let o(b) = 3838*b + 23. Is o(2) composite?
False
Let q be 0 + 1 + (-44)/(-11). Suppose 0 = -q*s - y +